.
18
Let c = 17 + 25. Suppose -2 - 32 = -17*j. Suppose -j*v - 756 = -11*v. What is the highest common divisor of c and v?
42
Suppose 3*w - 175 = o, -w + 4*w - 3*o - 165 = 0. Let h = w - 30. Suppose 3*f = 3*y - 26 - 1, 5*y - h = 2*f. Calculate the highest common factor of 32 and y.
4
Let b(z) = -4 + 5 + 2*z - 3*z. Let x be b(-3). Suppose -539*o + 438 + 560 = -56 - 24. What is the highest common factor of x and o?
2
Let f(k) = 9*k - 49. Suppose 0 = 12*x - 26 - 118. Let q be f(x). Calculate the highest common factor of 118 and q.
59
Suppose -b - 9 - 10 = -4*c, 5*b + 127 = 4*c. Let r = -24 - b. Suppose -f - 2*u = -13, r*u - 6 - 23 = -2*f. What is the greatest common factor of 114 and f?
19
Suppose 489 = 25*i - 736. Calculate the greatest common factor of i and 17.
1
Let g(l) = -l**2 + 193*l - 2802. Let m be g(16). What is the highest common divisor of m and 1722?
6
Let v(f) = -44*f - 83. Let a be v(-6). Let t = a - 155. Calculate the highest common divisor of t and 13.
13
Let w be (-2119)/(-13) - 27/(-3). Let f be 0 - -4 - (2 + -127). What is the greatest common divisor of w and f?
43
Let l be (-2)/((-39)/38 + 1). Let x = 16580 + -16238. What is the highest common factor of x and l?
38
Let t = 25759 + -25387. Calculate the greatest common factor of t and 1984.
124
Suppose -5*i - 8 = -t, -i - 104 = -3*t + 4*i. What is the greatest common factor of t and 13552?
16
Let a be 49/(-392) - ((-7203)/24 - 1). Suppose -3*z + 344 = z. What is the highest common divisor of a and z?
43
Suppose 14304 + 18654 = 4*r - 5*o, 2*o = 2*r - 16476. Calculate the greatest common divisor of r and 24.
24
Let m be 26 - (-7)/(56/(-64)). Suppose -82 = m*x - 730. Let n(g) = g**2 + 12. Let q be n(0). What is the greatest common factor of x and q?
12
Let v = -31 + 29. Let c be 1720/16 + -2 + 6/4. Let w be c - (-2)/(-4)*v. What is the greatest common divisor of 12 and w?
12
Let p(k) = k**3 + 12*k**2 + k + 4. Let z be p(-11). Let j = z + -23. Calculate the greatest common factor of 39 and j.
13
Let j(f) = -f**3 - 13*f**2 - 12*f + 2. Suppose 0 = 3*d + 1 - 7, -2*u - 4*d = 16. Let l be j(u). Let p = 347 - 311. What is the highest common factor of l and p?
2
Let m = -590 + 593. Suppose -495 = -m*t + 3*v, t + v - 175 = 4*v. What is the highest common factor of t and 20?
20
Let n be 54*9/(-432)*-136. What is the highest common factor of n and 238?
17
Let z(m) = m**2 - 71*m + 45. Let l be z(71). What is the highest common divisor of l and 5?
5
Let i be 24/(-14)*(-1)/(3/(-147)). Let p = 107 + i. Suppose 0*h - 644 = -4*h. What is the greatest common divisor of p and h?
23
Suppose -25*t + y - 91 = -28*t, 4*t - 3*y = 117. Calculate the highest common factor of t and 1470.
30
Suppose 35*n - 102 - 178 = 0. Suppose -7*c - 200 = -3*c. Let m = n - c. What is the highest common divisor of 87 and m?
29
Suppose 104 = 2*u + 86. Let w(h) = 3 - 2*h**2 - 349*h + 375*h + h**2. Let c be w(23). What is the greatest common divisor of u and c?
9
Suppose -110*w + 210 = -107*w. Let d(m) = 5*m**2 - 15*m + 34. Let r be d(5). Calculate the highest common factor of w and r.
14
Suppose 35*o - 24635 = -f, 3*o = 4*o - 5*f - 729. What is the greatest common divisor of o and 1232?
176
Let q be (-2)/3*132/(-88). Suppose -2*d - 3*b + 13 = -d, -27 = -2*d - 5*b. Calculate the greatest common factor of d and q.
1
Suppose 22*y - 240 = 18*y. Let w = 10801 - 10516. What is the greatest common divisor of y and w?
15
Suppose -3290 = y - 6*y - 2*w, 4*y - 4*w = 2660. What is the greatest common divisor of y and 9075?
165
Let h be (-2 - (172/(-8) + 6))/(2/12). Calculate the highest common factor of h and 51.
3
Let o(n) = -120*n**3 - 1. Let l be o(-1). Suppose -3*k = -25*i + 20*i + 361, 2*i + 5*k - 101 = 0. Calculate the highest common divisor of i and l.
17
Suppose 0 = -114*c + 111*c - 6. Let w be (-4 - (28 + -4))/c. Calculate the highest common divisor of w and 56.
14
Let o = 4160 - 3832. Calculate the highest common factor of 369 and o.
41
Suppose 0 = 66*v - 63*v - 96. Let s be (-3)/(-4) + 840/v. Suppose u = 4*q - 71 + 3, -4*q = -4*u - 56. Calculate the greatest common factor of s and q.
9
Let c = 11166 + -11058. What is the highest common factor of c and 4293?
27
Let m = -15 - -56. Let s = 46 - m. Suppose 4*q - 70 = u, 82 = -0*q + s*q - 4*u. What is the greatest common divisor of q and 126?
18
Let r(f) = 24*f**2 - 8*f - 7. Let x be r(5). Suppose 47 = 15*o - x. Calculate the highest common factor of o and 24.
8
Let u be 3/(-6)*(-32)/(-8). Let n be (50/u)/(-5)*(-306)/(-15). Calculate the highest common divisor of n and 6.
6
Let d be 66 - 0/(-1) - 3. Let f(m) = -m**2 - 24*m + 17. Let j be f(-24). Suppose 12*i = j*i - 35. Calculate the greatest common divisor of d and i.
7
Let p = -1223 - -696. Let r be p/(-12) + (-22)/(-264). What is the highest common divisor of 11 and r?
11
Suppose -46*s + 41*s - 4*a = -2404, 2*s - 948 = -5*a. Calculate the highest common factor of 308 and s.
44
Suppose -8*m - 11*m + 22*m - 915 = 0. Calculate the greatest common factor of 1403 and m.
61
Let k = 180 - 172. Let r be 98 - (k/(-12))/(1/3). Calculate the highest common divisor of r and 20.
20
Let y = 5535 - 4350. What is the greatest common factor of y and 15?
15
Suppose -2*t - a + 186 = 0, -3*t - 93 = -4*t + 3*a. What is the highest common factor of 961 and t?
31
Let c be 17 - ((-1267)/7 + (-21 - -39)). Let i = 20 + 16. What is the highest common divisor of i and c?
36
Let q(p) be the third derivative of p**4/8 - 7*p**3/6 - 9*p**2. Let a be q(3). Let f be (-4*2/(-3))/(a/6). What is the highest common factor of 2 and f?
2
Suppose 180*s - 5*s - 26584 = -1734. Calculate the greatest common factor of s and 3550.
142
Let i(v) = -1207*v - 153. Let q be i(-1). What is the greatest common divisor of q and 34?
34
Let p = -10825 + 10865. What is the highest common factor of 1792 and p?
8
Let d(p) = -3*p - 36. Let j be d(-15). Let k(y) = 12*y + 5*y + 12*y - 7*y. Let g be k(j). What is the greatest common factor of g and 18?
18
Suppose 2*z - 5*j - 39 = 27, 3*z = j + 73. Suppose 0 = 18*b - z*b - 200. Let g be b/(-4*1)*(8 + -2). Calculate the greatest common divisor of 24 and g.
12
Suppose 0 = 4*d - f - 116, -2*d + 29 = -d + 2*f. Suppose 5*w = 25, 178*t - 175*t = 5*w + 149. Calculate the highest common divisor of d and t.
29
Suppose 11066 = 77*q - 49302. Calculate the greatest common factor of 256 and q.
16
Suppose -12 = -2*l - 4*w, -4*l + 10 + 19 = 3*w. Let a be 2/(66/l + -8). Calculate the greatest common divisor of 40 and a.
8
Let n(p) = p**3 + 17*p**2 - 27*p - 77. Suppose 5*v - 43 = -3*f + 4*f, 0 = -4*f + 5*v - 97. Let l be n(f). Calculate the highest common factor of 17 and l.
17
Suppose 2*k = 5*p - 316804, -12 + 14 = -k. Suppose 0 = -22*b - 42*b + p. Calculate the highest common divisor of b and 9.
9
Suppose -23*p = -17*p. Let x be p/1 + (-2 - -4)/(-2). Let u be (-39)/x - 1/((-3)/6). Calculate the highest common divisor of 41 and u.
41
Suppose -6384 = -206*o + 104*o - 126*o. What is the highest common divisor of 46 and o?
2
Let f = -91 + 56. Let w be ((-4)/7)/(10/f). Suppose w*b - 4*b + 12 = 0. Calculate the greatest common divisor of b and 54.
6
Suppose y = 8, -i = 54*y - 50*y - 2741. Calculate the greatest common divisor of i and 45.
9
Suppose o = -2*s + 607, -s + 139 = 3*o - 152. Let t(c) = -3*c**3 + 18*c**2 - 20*c + 43. Let q be t(5). Calculate the highest common factor of s and q.
18
Suppose 11*x = 14*x. Suppose x = -u - 82 + 160. Calculate the greatest common divisor of 130 and u.
26
Suppose -2930 - 4078 = -73*z. Calculate the greatest common factor of z and 592.
16
Let g(b) = -10*b - 2*b**2 - b**2 + 9 + 3*b**2 - b**2. Let p be g(-4). What is the highest common factor of 165 and p?
33
Let a = -59 - -206. Suppose -148*m + a*m + 13 = 0. Suppose 3*d + 3*s = 132, -5*d - s + 205 = s. What is the greatest common factor of d and m?
13
Suppose 3*p + 291 = 294. Let k = 31 - p. What is the greatest common divisor of 18 and k?
6
Let u = 2233 + -2113. What is the greatest common divisor of 1000 and u?
40
Let b = 1570 + -1361. What is the greatest common factor of b and 572?
11
Suppose 2*l - 56 = -16. Let c(d) = 6*d - 2. Let t = 8 + -7. Let g be c(t). Calculate the greatest common factor of g and l.
4
Suppose -10*g - 102*g + 4080 = 58*g. Let d be 5570/8 - ((-3